t is the remainder when 108 is divided by 39?
30
Calculate the remainder when 279 is divided by 28.
27
Calculate the remainder when 214 is divided by 8.
6
Calculate the remainder when 475 is divided by 14.
13
Calculate the remainder when 157 is divided by 20.
17
What is the remainder when 590 is divided by 4?
2
What is the remainder when 453 is divided by 111?
9
Calculate the remainder when 2845 is divided by 57.
52
What is the remainder when 1776 is divided by 67?
34
What is the remainder when 259 is divided by 170?
89
What is the remainder when 304 is divided by 11?
7
What is the remainder when 218 is divided by 20?
18
What is the remainder when 1493 is divided by 23?
21
Calculate the remainder when 265 is divided by 14.
13
Calculate the remainder when 31 is divided by 18.
13
Calculate the remainder when 178 is divided by 37.
30
Calculate the remainder when 83 is divided by 19.
7
What is the remainder when 162 is divided by 46?
24
Calculate the remainder when 1172 is divided by 44.
28
What is the remainder when 194 is divided by 50?
44
What is the remainder when 1594 is divided by 80?
74
What is the remainder when 2786 is divided by 41?
39
What is the remainder when 131 is divided by 44?
43
Calculate the remainder when 238 is divided by 91.
56
What is the remainder when 29653 is divided by 44?
41
Calculate the remainder when 181 is divided by 62.
57
Calculate the remainder when 2178 is divided by 4.
2
Calculate the remainder when 637 is divided by 315.
7
What is the remainder when 615 is divided by 44?
43
Calculate the remainder when 1568 is divided by 158.
146
Calculate the remainder when 213 is divided by 62.
27
What is the remainder when 1171 is divided by 231?
16
What is the remainder when 321 is divided by 85?
66
What is the remainder when 49 is divided by 25?
24
Calculate the remainder when 561 is divided by 157.
90
Calculate the remainder when 1301 is divided by 15.
11
What is the remainder when 831 is divided by 16?
15
Calculate the remainder when 78 is divided by 9.
6
Calculate the remainder when 3734 is divided by 68.
62
What is the remainder when 1841 is divided by 459?
5
What is the remainder when 103 is divided by 13?
12
What is the remainder when 70 is divided by 43?
27
What is the remainder when 1694 is divided by 32?
30
What is the remainder when 262 is divided by 11?
9
What is the remainder when 39 is divided by 14?
11
Calculate the remainder when 1670 is divided by 141.
119
Calculate the remainder when 10139 is divided by 23.
19
Calculate the remainder when 260 is divided by 131.
129
Calculate the remainder when 114 is divided by 67.
47
What is the remainder when 178 is divided by 163?
15
What is the remainder when 992 is divided by 71?
69
Calculate the remainder when 978 is divided by 20.
18
Calculate the remainder when 219 is divided by 32.
27
Calculate the remainder when 2279 is divided by 207.
2
Calculate the remainder when 24884 is divided by 122.
118
What is the remainder when 720 is divided by 33?
27
Calculate the remainder when 10542 is divided by 37.
34
Calculate the remainder when 235 is divided by 64.
43
Calculate the remainder when 322 is divided by 27.
25
What is the remainder when 688 is divided by 43?
0
What is the remainder when 556 is divided by 113?
104
What is the remainder when 8034 is divided by 141?
138
Calculate the remainder when 435 is divided by 147.
141
Calculate the remainder when 85 is divided by 11.
8
Calculate the remainder when 122 is divided by 32.
26
What is the remainder when 624 is divided by 192?
48
What is the remainder when 475 is divided by 114?
19
What is the remainder when 1527 is divided by 90?
87
Calculate the remainder when 927 is divided by 242.
201
What is the remainder when 292 is divided by 10?
2
Calculate the remainder when 1295 is divided by 11.
8
What is the remainder when 47 is divided by 30?
17
What is the remainder when 767 is divided by 55?
52
What is the remainder when 17411 is divided by 81?
77
Calculate the remainder when 52 is divided by 29.
23
Calculate the remainder when 502 is divided by 42.
40
What is the remainder when 104 is divided by 21?
20
Calculate the remainder when 833 is divided by 9.
5
Calculate the remainder when 260 is divided by 71.
47
What is the remainder when 253 is divided by 119?
15
What is the remainder when 87 is divided by 22?
21
Calculate the remainder when 236 is divided by 81.
74
Calculate the remainder when 776 is divided by 52.
48
Calculate the remainder when 106 is divided by 5.
1
What is the remainder when 2427 is divided by 45?
42
What is the remainder when 292 is divided by 155?
137
What is the remainder when 236 is divided by 20?
16
Calculate the remainder when 223 is divided by 43.
8
Calculate the remainder when 1194 is divided by 237.
9
Calculate the remainder when 598 is divided by 100.
98
What is the remainder when 63 is divided by 32?
31
What is the remainder when 112 is divided by 112?
0
What is the remainder when 247 is divided by 68?
43
Calculate the remainder when 372 is divided by 156.
60
What is the remainder when 295 is divided by 7?
1
Calculate the remainder when 130 is divided by 121.
9
Calculate the remainder when 405 is divided by 37.
35
Calculate the remainder when 220 is divided by 39.
25
What is the remainder when 43790 is divided by 184?
182
What is the remainder when 326 is divided by 15?
11
Calculate the remainder when 36 is divided by 8.
4
What is the remainder when 390 is divided by 52?
26
What is the remainder when 4699 is divided by 314?
303
What is the remainder when 1086 is divided by 226?
182
Calculate the remainder when 531 is divided by 259.
13
What is the remainder when 1581 is divided by 527?
0
What is the remainder when 535 is divided by 111?
91
Calculate the remainder when 1125 is divided by 82.
59
What is the remainder when 182 is divided by 35?
7
Calculate the remainder when 4 is divided by 1.
0
What is the remainder when 384 is divided by 79?
68
What is the remainder when 1135 is divided by 564?
7
Calculate the remainder when 237 is divided by 17.
16
Calculate the remainder when 699 is divided by 45.
24
What is the remainder when 1895 is divided by 6?
5
Calculate the remainder when 213 is divided by 57.
42
Calculate the remainder when 224 is divided by 45.
44
Calculate the remainder when 225 is divided by 43.
10
What is the remainder when 93 is divided by 36?
21
Calculate the remainder when 84 is divided by 23.
15
Calculate the remainder when 4897 is divided by 35.
32
Calculate the remainder when 1584 is divided by 729.
126
What is the remainder when 296 is divided by 62?
48
Calculate the remainder when 79 is divided by 40.
39
Calculate the remainder when 893 is divided by 152.
133
Calculate the remainder when 3191 is divided by 114.
113
Calculate the remainder when 72 is divided by 16.
8
What is the remainder when 1067 is divided by 6?
5
Calculate the remainder when 39 is divided by 32.
7
Calculate the remainder when 402 is divided by 51.
45
Calculate the remainder when 71 is divided by 14.
1
Calculate the remainder when 34 is divided by 2.
0
What is the remainder when 113 is divided by 57?
56
Calculate the remainder when 564 is divided by 56.
4
What is the remainder when 809 is divided by 171?
125
What is the remainder when 33 is divided by 8?
1
Calculate the remainder when 27478 is divided by 14.
10
What is the remainder when 1468 is divided by 25?
18
What is the remainder when 305 is divided by 44?
41
What is the remainder when 66 is divided by 12?
6
What is the remainder when 1291 is divided by 34?
33
Calculate the remainder when 2180 is divided by 16.
4
Calculate the remainder when 162 is divided by 130.
32
Calculate the remainder when 129 is divided by 33.
30
What is the remainder when 4392 is divided by 28?
24
What is the remainder when 1551 is divided by 94?
47
What is the remainder when 161 is divided by 2?
1
Calculate the remainder when 216 is divided by 75.
66
Calculate the remainder when 746 is divided by 144.
26
What is the remainder when 1052 is divided by 150?
2
Calculate the remainder when 778 is divided by 156.
154
What is the remainder when 679 is divided by 37?
13
What is the remainder when 207 is divided by 25?
7
What is the remainder when 6655 is divided by 74?
69
Wh